e tens digit of k?
2
Let d(j) = -10*j - 334. Let q(c) = 2*c + 67. Let u(i) = 3*d(i) + 16*q(i). What is the tens digit of u(-13)?
4
What is the units digit of 3 - (-2972 + 18)/(1 + 1)?
0
Suppose 18 = 5*h - 17. Let s = 25 + h. What is the units digit of s?
2
Let d be (-2)/(-6) - (-2710)/15. Suppose 3*n = -10 + d. What is the units digit of n?
7
Let l = -99 + 101. Suppose 0 = 3*c, -5*m - l*c = -3*m - 476. What is the units digit of m?
8
Let j be (-1)/(1/7) + 2. Let z(a) = 1 + a + 8 - 3. What is the units digit of z(j)?
1
Let a be 4/(-2) - 1 - -1. Let d be 2/(((-1)/a)/1). Suppose -2*m + 3*u + 36 = -u, d = 2*u. What is the tens digit of m?
2
Suppose 2*x = -k + 4*k - 10, -k + 8 = -3*x. Suppose o = 3*i - 1 - 1, o + k = 4*i. Suppose -52 = -2*c - i*c. What is the tens digit of c?
2
Let q = -1037 + 4146. What is the thousands digit of q?
3
Let z = -914 + 1313. What is the hundreds digit of z?
3
Let i(t) = t**2 - 7*t - 1. Let s be i(7). Let o(g) = -7*g**3 - g - 1. What is the units digit of o(s)?
7
Let g be (78/(-8))/(3/(-8)). Let c = 54 - g. Let f = 47 - c. What is the units digit of f?
9
Let n = -1400 + 3221. What is the hundreds digit of n?
8
Let i(v) = 3*v**3 + v**2. Let p be i(1). Let a(b) = -b - 2 + 0*b + b**2 + p + 0*b. What is the units digit of a(3)?
8
Let c(r) = -29*r + 8. Suppose 17 + 19 = -3*g. Let i be c(g). Suppose -6*w = 62 - i. What is the units digit of w?
9
Suppose j = 6*j - 10. What is the tens digit of (10/(-20))/(j/(-136))?
3
Let t = -13 + 7. Let u = 126 + -72. What is the units digit of t/8 + u/8?
6
Let i(x) = -x**2 - 2*x**3 + 3*x - 6*x + 2 + 3*x. Let y be i(-2). Let n = y - -1. What is the tens digit of n?
1
Let i be ((-76)/12)/((2/6)/(-1)). Let b = i - -54. What is the units digit of b?
3
Let k = 30 - -10. Suppose 4*l + 4*t = 3*t - 1800, 0 = -l + 5*t - 450. What is the units digit of (l/k)/(3/(-8))?
0
Suppose 2*r + 3*q + 2*q = -29, -9 = 2*r + q. What is the tens digit of (363/(-21) + 1)/(r/14)?
1
Suppose -111 = -3*w + 24. Let v be 9/(w/10) - -3. Suppose r = -2*x + 7*x - 350, -5*x + 330 = -v*r. What is the tens digit of x?
7
Let w = -467 - -331. Let u = 241 + w. What is the units digit of u?
5
Let g = 4468 + -2730. What is the thousands digit of g?
1
Suppose -9*c + 5 + 58 = 0. Suppose -7*z - c*z + 1316 = 0. What is the units digit of z?
4
Let y(h) = h**3 - 14*h**2 - 2. Let s(c) = -c + 1. Let g(u) = -s(u) - y(u). Suppose -7*l + 10*l = 42. What is the units digit of g(l)?
5
Let o be (0 + (-156)/(-7))/(3/126). Suppose -o = -3*a - 6*a. What is the units digit of a?
4
Let z = -184 + 678. What is the units digit of z?
4
Let y be ((-4)/(-6))/(8/(-36)). What is the units digit of y*4*(-88)/12?
8
Let w be 2/(-2)*3*-1. Let b(h) = h**2 - 4*h - 6. Let c be b(6). Suppose 3*r + 3*o = -3, r + 3*o + c = -w. What is the units digit of r?
3
Let i(l) = -l**3 + 18*l**2 + 17*l - 51. What is the hundreds digit of i(14)?
9
Let v(o) be the first derivative of -o**3/3 - 2*o**2 + 2. Let l be v(-3). Suppose l*m + 34 = 4*m. What is the units digit of m?
4
Let u = 513 + -183. What is the hundreds digit of u?
3
Let h(x) = 2*x**3 - 9*x**2 - 4*x - 4. What is the hundreds digit of h(7)?
2
Suppose -5*t = -5*i - 185, -2*i = t - 0*t - 49. Let u be (-6)/(((-15)/20)/(81/(-24))). Let h = t + u. What is the units digit of h?
4
Let g(o) = 11*o**2 - 8*o + 1. What is the tens digit of g(-6)?
4
Suppose -2*g = 5*z - 49, g - 3*z - 35 = -2*z. Let h = 33 + g. What is the units digit of h?
5
Suppose -3*o - 425 = -8*o + 3*i, 2*i + 10 = 0. Let a = o + 20. What is the hundreds digit of a?
1
Suppose -2824 = -5*c + 2*z, 5*c + 12*z - 17*z - 2830 = 0. What is the units digit of c?
4
Suppose 4*n + 2*x - 189 = 3*x, 4*x + 239 = 5*n. What is the units digit of n?
7
What is the thousands digit of -6 + 2901 + -1 + -12?
2
Suppose 235 = 3*n - 8. Let w = -38 + n. What is the tens digit of w?
4
Let w = 731 - 2055. What is the units digit of w/(-14) + (-44)/77?
4
Suppose 5*t - 45 = 2*u, 27 = 3*t + u - 4*u. Suppose 0 = -t*p + 530 + 658. What is the tens digit of p?
3
Suppose 0*z + 876 = 4*z. What is the hundreds digit of z?
2
Let h(g) be the first derivative of -3*g**2/2 + 11*g + 52. What is the units digit of h(-7)?
2
Suppose 9*r - 4*r = 0. Suppose -8 = -2*x - r. Suppose 0*m = 2*m - x*u - 36, 9 = -2*m - 5*u. What is the units digit of m?
8
Suppose 59*k - 63*k + 3644 = 0. What is the units digit of k?
1
Let h(i) = -i**3 - 7*i**2 - 6*i + 10. What is the tens digit of h(-7)?
5
Let h(t) = -11*t**3 + 2*t**2 + 15*t + 1. What is the units digit of h(-4)?
7
Suppose -t + 8 = 1. Let z be -2 + (-7)/(t/32). Let n = -24 - z. What is the tens digit of n?
1
Let n(s) be the third derivative of -s**5/60 + 3*s**4/8 - s**3 - 25*s**2. What is the units digit of n(4)?
4
Suppose 0 = -6*f + 6 - 0. What is the units digit of f*8*(-28)/(-8)?
8
What is the units digit of (2/4)/(58/364356)?
1
Let i be (3 + (-2)/1)*(-24)/(-8). Suppose -3*n = i*m - 8*m - 485, n = m + 159. What is the hundreds digit of n?
1
Let f = 41 - 39. Suppose -f*z - 5*k = -13 - 22, 5*k = 5*z. Suppose -z*l + 48 = -l. What is the units digit of l?
2
Let f(m) = m**3 - 6*m**2 + 6*m + 1. Let p be f(5). Let n be (2/1)/((-1)/3). What is the units digit of (-20)/n*p/5?
4
Let z be ((-18)/4)/((-42)/(-56)). What is the tens digit of (z + 7 - 4)*(-644)/6?
2
Let v = 3626 + -1507. What is the thousands digit of v?
2
Suppose -4*q + 4*p = -10302 + 1062, -4*q = p - 9230. What is the thousands digit of q?
2
Let v(o) = o**2 - 9*o - 14. Let y be v(10). What is the units digit of y/22 - 554/(-22)?
5
Suppose -8*m - 1686 = -18382. What is the units digit of m?
7
Suppose -1430 - 1924 = -13*z. What is the tens digit of z?
5
What is the units digit of 91/35 + -2 + (-22488)/(-20)?
5
Suppose 5*i - 4342 = 3508. What is the hundreds digit of i?
5
Suppose 0 = 5*n - 4*a - 2611, 0*n + 3*n = -4*a + 1573. What is the units digit of n?
3
Suppose t - 6 = -12. Let d(w) be the first derivative of w**3/3 + 5*w**2/2 - 2*w + 2. What is the units digit of d(t)?
4
What is the units digit of 1*(520 - 132/12)?
9
What is the tens digit of 715 + -4 - -1 - 1?
1
Let r(c) = c - 1. Let s be r(6). Let i(n) = 5*n - 1. What is the units digit of i(s)?
4
Let v = 1548 - 114. What is the hundreds digit of v?
4
Let u(g) = 60*g**2 - g + 2. Let m(s) = -119*s**2 + 2*s - 3. Let x(q) = -3*m(q) - 5*u(q). Let f be (-1 + -2)*6*(-1)/(-18). What is the tens digit of x(f)?
5
Let t = -345 - -736. What is the hundreds digit of t?
3
Let l(p) = p**3 + 10*p**2 - 3*p + 12. Let k = 110 - 119. What is the tens digit of l(k)?
2
Let b be (-2)/(-8) + 5 + 77/(-4). What is the tens digit of 2922/14 - 2*2/b?
0
Let m = 68 - 24. Let u = m - 16. What is the tens digit of u?
2
Suppose -3*r = 3, x + 2*r - 96 = 5*r. Suppose b + 23 = x. What is the units digit of b?
0
Let q = -16 - -13. What is the tens digit of (-5 - q)*210/(-12)?
3
Let j = 16 + -14. Suppose j*n + 18 = 3*n. Suppose 5*m - n = 4*m. What is the tens digit of m?
1
Let c(j) = -3*j**2 - 17*j - 3. Let y be c(-7). What is the tens digit of (y/2)/(19/(-38))?
3
What is the tens digit of -2*(-7 + 1058/(-4))?
4
Let n(h) = -227*h + 68. What is the tens digit of n(-3)?
4
What is the tens digit of (-23 + -5)*273/(-14)?
4
Let a(h) = -h**3 + 2*h**2 + 3*h - 3. Let p be a(3). Let r(z) = -17*z + 85. Let w be r(5). What is the units digit of w + 1 + 79 + p?
7
Let k = 35 - 25. Let o = 55 + k. What is the tens digit of o?
6
Let h be 2/12*3*2. Let j be 67 + (h - 1) + -1. Suppose j = 4*w + 2*u - 10, 2*u = w - 29. What is the tens digit of w?
2
Suppose -6*w = -2*w - 8. Let b = w - -2. Suppose 102 = b*z - z + 5*j, 4*z = j + 113. What is the units digit of z?
9
What is the hundreds digit of 3087 - 19 - 8/((-12)/(-3))?
0
Suppose 10 = -2*k - 10. Let g(q) = 11*q - 15. Let z be g(11). What is the units digit of 5/k - z/(-4)?
6
What is the units digit of (6/4 - 4/(-8))*212?
4
Suppose p - 4*c + 470 = -4*p, 2*c - 284 = 3*p. What is the units digit of p/(-3) + (-8)/12?
2
Suppose 0*a = -a + 4. What is the tens digit of a/10 - (-7847)/95?
8
Let y = -69 - -66. What is the tens digit of y*(-3)/(9/93)?
9
Let v = 3 + 2. Suppose 0*u - 35 = -v*u. What is the units digit of u?
7
Suppose 3 = 5*i + 3*o, 2*i = o + 2 + 8. What is the tens digit of (-60)/(3/2 - i)?
4
Let w be 8/(-20) - (-58)/(-5). Suppose i + 140 = -5*q